{"id":1559,"date":"2020-08-19T00:24:38","date_gmt":"2020-08-19T00:24:38","guid":{"rendered":"http:\/\/clinicaclam.com.br\/?page_id=1559"},"modified":"2021-04-09T00:31:31","modified_gmt":"2021-04-09T00:31:31","slug":"psicologia","status":"publish","type":"page","link":"https:\/\/clinicaclam.com.br\/index.php\/psicologia\/","title":{"rendered":"Psicologia"},"content":{"rendered":"<p>[vc_row margin_bottom=&#8221;0&#8243; bg_color=&#8221;#fcfcfc&#8221; padding=&#8221;40px 0 0 0&#8243; css=&#8221;.vc_custom_1591306450451{margin-bottom: 0px !important;padding-top: 40px !important;padding-right: 0px !important;padding-bottom: 0px !important;padding-left: 0px !important;}&#8221;][vc_column][vc_column_text el_class=&#8221;bigP&#8221;]<\/p>\n<h1 style=\"text-align: center;\">PSICOLOGIA<\/h1>\n<p style=\"text-align: center;\">O Tratamento psicol\u00f3gico tem como finalidade, contribuir para que o indiv\u00edduo, em situa\u00e7\u00e3o de crise, encontre o equil\u00edbrio emocional. Trata-se de um processo de resinifica\u00e7\u00e3o de conte\u00fados internos, onde o individuo aprende a lidar mais facilmente, com as adversidades.<br \/>\nO Tratamento \u00e9 destinado a pessoas que sofrem de problemas mais complexos , tais como Depress\u00e3o, S\u00edndrome do P\u00e2nico, bem como problemas de relacionamento interpessoal ou esteja em busca do autoconhecimento.<\/p>\n<p style=\"text-align: center;\"><img loading=\"lazy\" decoding=\"async\" class=\"wp-image-1039 size-full aligncenter\" style=\"margin-top: 30px;\" src=\"https:\/\/clinicaclam.com.br\/wp-content\/uploads\/2020\/06\/psicologia-2.jpg\" alt=\"\" width=\"1048\" height=\"586\" \/><\/p>\n<p>[\/vc_column_text][\/vc_column][\/vc_row][vc_row equal_height=&#8221;yes&#8221; margin_bottom=&#8221;40px&#8221; css=&#8221;.vc_custom_1591315985493{margin-bottom: 40px !important;}&#8221;][vc_column][vc_column_text el_class=&#8221;titleBorder&#8221;]<\/p>\n<h2>PROCEDIMENTOS<\/h2>\n<p>[\/vc_column_text][vc_row_inner][vc_column_inner width=&#8221;7\/12&#8243;][vc_column_text el_class=&#8221;bigP&#8221;]<\/p>\n<ul>\n<li>Avalia\u00e7\u00e3o e Interven\u00e7\u00e3o<\/li>\n<li>Psicoterapia Breve<\/li>\n<li>Psicodiagn\u00f3stico<\/li>\n<li>Atendimento familiar<\/li>\n<\/ul>\n<p>[\/vc_column_text][\/vc_column_inner][\/vc_row_inner][\/vc_column][\/vc_row][vc_row][vc_column][vc_column_text el_class=&#8221;bigP&#8221;]<\/p>\n<h1 style=\"text-align: center;\"><strong><span style=\"color: #e54242;\">Agende uma avalia\u00e7\u00e3o! Ligue (11)4437-1818<\/span><\/strong><\/h1>\n<p style=\"text-align: center;\">Ou se preferir, fale conosco atrav\u00e9s do WhatsApp clicando no bot\u00e3o ao lado.<\/p>\n<p>[\/vc_column_text][\/vc_column][\/vc_row]<\/p>\n","protected":false},"excerpt":{"rendered":"<p>[vc_row margin_bottom=&#8221;0&#8243; bg_color=&#8221;#fcfcfc&#8221; padding=&#8221;40px 0 0 0&#8243; css=&#8221;.vc_custom_1591306450451{margin-bottom: 0px !important;padding-top: 40px !important;padding-right: 0px !important;padding-bottom: 0px !important;padding-left: 0px !important;}&#8221;][vc_column][vc_column_text el_class=&#8221;bigP&#8221;] PSICOLOGIA O Tratamento psicol\u00f3gico tem como finalidade, contribuir para que o indiv\u00edduo, em situa\u00e7\u00e3o de crise, encontre o equil\u00edbrio emocional. Trata-se de um processo de resinifica\u00e7\u00e3o de conte\u00fados internos, onde o individuo aprende a lidar mais facilmente, com as adversidades. O Tratamento \u00e9 destinado a pessoas que sofrem de problemas mais complexos , tais como Depress\u00e3o, S\u00edndrome do P\u00e2nico, bem como problemas de relacionamento interpessoal ou esteja em busca do autoconhecimento. [&hellip;]<\/p>\n","protected":false},"author":1,"featured_media":1581,"parent":0,"menu_order":0,"comment_status":"closed","ping_status":"closed","template":"home-template.php","meta":{"_monsterinsights_skip_tracking":false,"_monsterinsights_sitenote_active":false,"_monsterinsights_sitenote_note":"","_monsterinsights_sitenote_category":0,"footnotes":""},"class_list":["post-1559","page","type-page","status-publish","has-post-thumbnail","hentry"],"_links":{"self":[{"href":"https:\/\/clinicaclam.com.br\/index.php\/wp-json\/wp\/v2\/pages\/1559","targetHints":{"allow":["GET"]}}],"collection":[{"href":"https:\/\/clinicaclam.com.br\/index.php\/wp-json\/wp\/v2\/pages"}],"about":[{"href":"https:\/\/clinicaclam.com.br\/index.php\/wp-json\/wp\/v2\/types\/page"}],"author":[{"embeddable":true,"href":"https:\/\/clinicaclam.com.br\/index.php\/wp-json\/wp\/v2\/users\/1"}],"replies":[{"embeddable":true,"href":"https:\/\/clinicaclam.com.br\/index.php\/wp-json\/wp\/v2\/comments?post=1559"}],"version-history":[{"count":0,"href":"https:\/\/clinicaclam.com.br\/index.php\/wp-json\/wp\/v2\/pages\/1559\/revisions"}],"wp:featuredmedia":[{"embeddable":true,"href":"https:\/\/clinicaclam.com.br\/index.php\/wp-json\/wp\/v2\/media\/1581"}],"wp:attachment":[{"href":"https:\/\/clinicaclam.com.br\/index.php\/wp-json\/wp\/v2\/media?parent=1559"}],"curies":[{"name":"wp","href":"https:\/\/api.w.org\/{rel}","templated":true}]}}