{"id":1553,"date":"2020-08-19T00:22:06","date_gmt":"2020-08-19T00:22:06","guid":{"rendered":"http:\/\/clinicaclam.com.br\/?page_id=1553"},"modified":"2021-03-02T21:18:07","modified_gmt":"2021-03-02T21:18:07","slug":"nutricao","status":"publish","type":"page","link":"https:\/\/clinicaclam.com.br\/index.php\/nutricao\/","title":{"rendered":"Nutri\u00e7\u00e3o"},"content":{"rendered":"<p>[vc_row margin_bottom=&#8221;0&#8243; bg_color=&#8221;#fcfcfc&#8221; padding=&#8221;40px 0 0 0&#8243; css=&#8221;.vc_custom_1591306450451{margin-bottom: 0px !important;padding-top: 40px !important;padding-right: 0px !important;padding-bottom: 0px !important;padding-left: 0px !important;}&#8221;][vc_column][vc_column_text el_class=&#8221;bigP&#8221;]<\/p>\n<p style=\"text-align: center;\"><img loading=\"lazy\" decoding=\"async\" class=\"wp-image-1039 size-full aligncenter\" style=\"margin-top: 30px;\" src=\"https:\/\/clinicaclam.com.br\/wp-content\/uploads\/2020\/06\/nutricao-2.jpg\" alt=\"Nutri\u00e7\u00e3o\" width=\"1048\" height=\"586\" \/><\/p>\n<p>[\/vc_column_text][vc_column_text el_class=&#8221;titleBorder&#8221;]<\/p>\n<h2>NUTRI\u00c7\u00c3O<\/h2>\n<p>[\/vc_column_text][vc_column_text el_class=&#8221;bigP&#8221;]<\/p>\n<p style=\"font-weight: 400;\">Estuda a composi\u00e7\u00e3o dos alimentos e as necessidades nutricionais de cada indiv\u00edduo, al\u00e9m dos processos pelos quais o organismo ingere, absorve, transporta, utiliza e excreta os nutrientes.<\/p>\n<p style=\"font-weight: 400;\">Muitas vezes processos de emagrecimento ou ganho de massa muscular s\u00e3o dificultados pela presen\u00e7a de desequil\u00edbrios nutricionais, como a defici\u00eancia de vitaminas, minerais, gorduras de boa qualidade, excesso de toxinas e aditivos alimentares, ou ainda processos al\u00e9rgicos desencadeados por hipersensibilidades alimentares. Vale salientar, que muitas vezes, a nutri\u00e7\u00e3o trabalha em conjunto com outras \u00e1reas da medicina.<\/p>\n<p>[\/vc_column_text][\/vc_column][\/vc_row][vc_row equal_height=&#8221;yes&#8221; margin_bottom=&#8221;40px&#8221; css=&#8221;.vc_custom_1591315985493{margin-bottom: 40px !important;}&#8221;][vc_column][vc_column_text el_class=&#8221;titleBorder&#8221;]<\/p>\n<h2>TRATAMENTOS COM\u00a0NUTRI\u00c7\u00c3O FUNCIONAL<\/h2>\n<p>[\/vc_column_text][vc_row_inner][vc_column_inner width=&#8221;7\/12&#8243;][vc_column_text el_class=&#8221;bigP&#8221;]<\/p>\n<div class=\"wpb_text_column wpb_content_element \">\n<div class=\"wpb_wrapper\">\n<ul>\n<li><strong>Mudan\u00e7a de composi\u00e7\u00e3o corporal:<\/strong> excesso de peso, obesidade, aumento de massa magra<\/li>\n<li><strong>Est\u00e9tica:<\/strong>controle do peso, acne, estrias, flacidez, queda de cabelo, sa\u00fade das unhas e pele, aux\u00edlio na preven\u00e7\u00e3o do envelhecimento precoce<\/li>\n<li><strong>Dislipidemias:<strong>eleva\u00e7\u00e3o de colesterol, triglic\u00e9rides, altera\u00e7\u00f5es no HDL, preven\u00e7\u00e3o de doen\u00e7as cardiovasculares<\/strong><\/strong><\/li>\n<li>Diabetes, resist\u00eancia \u00e0 insulina, hipoglicemia<\/li>\n<li><strong>Defici\u00eancias nutricionais:<\/strong> Vitaminas, minerais e macronutrientes<\/li>\n<li><strong>Problemas respirat\u00f3rios e alergias que pioram com alimenta\u00e7\u00e3o incorreta:<\/strong>\u00a0asma br\u00f4nquica, rinite, sinusite, otite, amidalite, produ\u00e7\u00e3o excessiva de muco<\/li>\n<li><strong>Doen\u00e7as autoimunes:<\/strong> Artrite reumatoide, psor\u00edase, tireoidite de Hashimoto, fibromialgia, esclerose m\u00faltipla, l\u00fapus eritematoso sist\u00eamico<\/li>\n<li>Acompanhamento e equil\u00edbrio nutricional \u00e0 gestante e lactante<\/li>\n<\/ul>\n<\/div>\n<\/div>\n<p>[\/vc_column_text][\/vc_column_inner][\/vc_row_inner][\/vc_column][\/vc_row][vc_row][vc_column][vc_column_text el_class=&#8221;bigP&#8221;]<\/p>\n<h1 style=\"text-align: center;\"><strong><span style=\"color: #e54242;\">Agende uma avalia\u00e7\u00e3o! Ligue 4437-1818<\/span><\/strong><\/h1>\n<p style=\"text-align: center;\">Ou se preferir, fale conosco atrav\u00e9s do WhatsApp clicando no bot\u00e3o ao lado.<\/p>\n<p>[\/vc_column_text][\/vc_column][\/vc_row]<\/p>\n","protected":false},"excerpt":{"rendered":"<p>[vc_row margin_bottom=&#8221;0&#8243; bg_color=&#8221;#fcfcfc&#8221; padding=&#8221;40px 0 0 0&#8243; css=&#8221;.vc_custom_1591306450451{margin-bottom: 0px !important;padding-top: 40px !important;padding-right: 0px !important;padding-bottom: 0px !important;padding-left: 0px !important;}&#8221;][vc_column][vc_column_text el_class=&#8221;bigP&#8221;] [\/vc_column_text][vc_column_text el_class=&#8221;titleBorder&#8221;] NUTRI\u00c7\u00c3O [\/vc_column_text][vc_column_text el_class=&#8221;bigP&#8221;] Estuda a composi\u00e7\u00e3o dos alimentos e as necessidades nutricionais de cada indiv\u00edduo, al\u00e9m dos processos pelos quais o organismo ingere, absorve, transporta, utiliza e excreta os nutrientes. Muitas vezes processos de emagrecimento ou ganho de massa muscular s\u00e3o dificultados pela presen\u00e7a de desequil\u00edbrios nutricionais, como a defici\u00eancia de vitaminas, minerais, gorduras de boa qualidade, excesso de toxinas e aditivos alimentares, ou ainda processos al\u00e9rgicos desencadeados por [&hellip;]<\/p>\n","protected":false},"author":1,"featured_media":1575,"parent":0,"menu_order":0,"comment_status":"closed","ping_status":"closed","template":"home-template.php","meta":{"_monsterinsights_skip_tracking":false,"_monsterinsights_sitenote_active":false,"_monsterinsights_sitenote_note":"","_monsterinsights_sitenote_category":0,"footnotes":""},"class_list":["post-1553","page","type-page","status-publish","has-post-thumbnail","hentry"],"_links":{"self":[{"href":"https:\/\/clinicaclam.com.br\/index.php\/wp-json\/wp\/v2\/pages\/1553","targetHints":{"allow":["GET"]}}],"collection":[{"href":"https:\/\/clinicaclam.com.br\/index.php\/wp-json\/wp\/v2\/pages"}],"about":[{"href":"https:\/\/clinicaclam.com.br\/index.php\/wp-json\/wp\/v2\/types\/page"}],"author":[{"embeddable":true,"href":"https:\/\/clinicaclam.com.br\/index.php\/wp-json\/wp\/v2\/users\/1"}],"replies":[{"embeddable":true,"href":"https:\/\/clinicaclam.com.br\/index.php\/wp-json\/wp\/v2\/comments?post=1553"}],"version-history":[{"count":0,"href":"https:\/\/clinicaclam.com.br\/index.php\/wp-json\/wp\/v2\/pages\/1553\/revisions"}],"wp:featuredmedia":[{"embeddable":true,"href":"https:\/\/clinicaclam.com.br\/index.php\/wp-json\/wp\/v2\/media\/1575"}],"wp:attachment":[{"href":"https:\/\/clinicaclam.com.br\/index.php\/wp-json\/wp\/v2\/media?parent=1553"}],"curies":[{"name":"wp","href":"https:\/\/api.w.org\/{rel}","templated":true}]}}