{"id":1546,"date":"2020-08-19T00:18:37","date_gmt":"2020-08-19T00:18:37","guid":{"rendered":"http:\/\/clinicaclam.com.br\/?page_id=1546"},"modified":"2021-03-01T23:24:32","modified_gmt":"2021-03-01T23:24:32","slug":"endocrinologia","status":"publish","type":"page","link":"https:\/\/clinicaclam.com.br\/index.php\/endocrinologia\/","title":{"rendered":"Endocrinologia"},"content":{"rendered":"<p>[vc_row margin_bottom=&#8221;0&#8243; bg_color=&#8221;#fcfcfc&#8221; padding=&#8221;40px 0 0 0&#8243; css=&#8221;.vc_custom_1591306450451{margin-bottom: 0px !important;padding-top: 40px !important;padding-right: 0px !important;padding-bottom: 0px !important;padding-left: 0px !important;}&#8221;][vc_column][vc_column_text el_class=&#8221;bigP&#8221;]<\/p>\n<p style=\"text-align: center;\"><img loading=\"lazy\" decoding=\"async\" class=\"wp-image-1039 size-full aligncenter\" style=\"margin-top: 30px;\" src=\"https:\/\/clinicaclam.com.br\/wp-content\/uploads\/2020\/06\/endocrinologia-2.jpg\" alt=\"\" width=\"1048\" height=\"586\" \/><\/p>\n<p>[\/vc_column_text][vc_column_text el_class=&#8221;titleBorder&#8221;]<\/p>\n<h2>ENDOCRINOLOGIA<\/h2>\n<p>[\/vc_column_text][vc_column_text]<\/p>\n<p style=\"font-weight: 400;\">Pilates \u00e9 um m\u00e9todo de exerc\u00edcios criado no in\u00edcio do s\u00e9culo XX por um ginasta alem\u00e3o chamado Joseph Pilates. Ap\u00f3s um s\u00e9culo este m\u00e9todo ainda continua atual e eficiente tanto para atletas que buscam a melhora de desempenho, quanto para pessoas que necessitam de exerc\u00edcios suaves, aliviando as dores cr\u00f4nicas e a reabilita\u00e7\u00e3o de les\u00f5es.<\/p>\n<p>[\/vc_column_text][\/vc_column][\/vc_row][vc_row equal_height=&#8221;yes&#8221; margin_bottom=&#8221;40px&#8221; css=&#8221;.vc_custom_1591315985493{margin-bottom: 40px !important;}&#8221;][vc_column][vc_column_text el_class=&#8221;titleBorder&#8221;]<\/p>\n<h2>TRANSTORNOS \/ TRATAMENTOS:<\/h2>\n<p>[\/vc_column_text][vc_row_inner][vc_column_inner width=&#8221;7\/12&#8243;][vc_column_text el_class=&#8221;bigP&#8221;]<\/p>\n<ul>\n<li>Obesidade (abordagem cl\u00ednica, medicamentosa e diet\u00e9tica)<\/li>\n<li>Diabetes (Mellitus e Hipoglicemias)<\/li>\n<li>Doen\u00e7as da Tire\u00f3ide (Hipertireoidismo, Hipotireoidismo, Tireoidites, etc.)<\/li>\n<li>Dist\u00farbios do metabolismo do colesterol e\/ou triglic\u00e9rides<\/li>\n<li>S\u00edndrome dos ov\u00e1rios micropolic\u00edsticos<\/li>\n<li>S\u00edndrome plurimetab\u00f3lica<\/li>\n<li>Osteoporose e osteopenia<\/li>\n<li>Doen\u00e7as que afetam o crescimento e o desenvolvimento<\/li>\n<\/ul>\n<p>[\/vc_column_text][\/vc_column_inner][\/vc_row_inner][\/vc_column][\/vc_row][vc_row][vc_column][vc_column_text el_class=&#8221;bigP&#8221;]<\/p>\n<h1 style=\"text-align: center;\"><strong><span style=\"color: #e54242;\">Agende uma avalia\u00e7\u00e3o! Ligue 4437-1818<\/span><\/strong><\/h1>\n<p style=\"text-align: center;\">Ou se preferir, fale conosco atrav\u00e9s do WhatsApp clicando no bot\u00e3o ao lado.<\/p>\n<p>[\/vc_column_text][\/vc_column][\/vc_row]<\/p>\n","protected":false},"excerpt":{"rendered":"<p>[vc_row margin_bottom=&#8221;0&#8243; bg_color=&#8221;#fcfcfc&#8221; padding=&#8221;40px 0 0 0&#8243; css=&#8221;.vc_custom_1591306450451{margin-bottom: 0px !important;padding-top: 40px !important;padding-right: 0px !important;padding-bottom: 0px !important;padding-left: 0px !important;}&#8221;][vc_column][vc_column_text el_class=&#8221;bigP&#8221;] [\/vc_column_text][vc_column_text el_class=&#8221;titleBorder&#8221;] ENDOCRINOLOGIA [\/vc_column_text][vc_column_text] Pilates \u00e9 um m\u00e9todo de exerc\u00edcios criado no in\u00edcio do s\u00e9culo XX por um ginasta alem\u00e3o chamado Joseph Pilates. Ap\u00f3s um s\u00e9culo este m\u00e9todo ainda continua atual e eficiente tanto para atletas que buscam a melhora de desempenho, quanto para pessoas que necessitam de exerc\u00edcios suaves, aliviando as dores cr\u00f4nicas e a reabilita\u00e7\u00e3o de les\u00f5es. [\/vc_column_text][\/vc_column][\/vc_row][vc_row equal_height=&#8221;yes&#8221; margin_bottom=&#8221;40px&#8221; css=&#8221;.vc_custom_1591315985493{margin-bottom: 40px !important;}&#8221;][vc_column][vc_column_text el_class=&#8221;titleBorder&#8221;] TRANSTORNOS \/ TRATAMENTOS: [\/vc_column_text][vc_row_inner][vc_column_inner width=&#8221;7\/12&#8243;][vc_column_text [&hellip;]<\/p>\n","protected":false},"author":1,"featured_media":1569,"parent":0,"menu_order":0,"comment_status":"closed","ping_status":"closed","template":"home-template.php","meta":{"_monsterinsights_skip_tracking":false,"_monsterinsights_sitenote_active":false,"_monsterinsights_sitenote_note":"","_monsterinsights_sitenote_category":0,"footnotes":""},"class_list":["post-1546","page","type-page","status-publish","has-post-thumbnail","hentry"],"_links":{"self":[{"href":"https:\/\/clinicaclam.com.br\/index.php\/wp-json\/wp\/v2\/pages\/1546","targetHints":{"allow":["GET"]}}],"collection":[{"href":"https:\/\/clinicaclam.com.br\/index.php\/wp-json\/wp\/v2\/pages"}],"about":[{"href":"https:\/\/clinicaclam.com.br\/index.php\/wp-json\/wp\/v2\/types\/page"}],"author":[{"embeddable":true,"href":"https:\/\/clinicaclam.com.br\/index.php\/wp-json\/wp\/v2\/users\/1"}],"replies":[{"embeddable":true,"href":"https:\/\/clinicaclam.com.br\/index.php\/wp-json\/wp\/v2\/comments?post=1546"}],"version-history":[{"count":0,"href":"https:\/\/clinicaclam.com.br\/index.php\/wp-json\/wp\/v2\/pages\/1546\/revisions"}],"wp:featuredmedia":[{"embeddable":true,"href":"https:\/\/clinicaclam.com.br\/index.php\/wp-json\/wp\/v2\/media\/1569"}],"wp:attachment":[{"href":"https:\/\/clinicaclam.com.br\/index.php\/wp-json\/wp\/v2\/media?parent=1546"}],"curies":[{"name":"wp","href":"https:\/\/api.w.org\/{rel}","templated":true}]}}